{"id":816,"date":"2019-01-23T14:00:02","date_gmt":"2019-01-23T13:00:02","guid":{"rendered":"https:\/\/synthesis-x.org\/?page_id=816"},"modified":"2025-02-04T14:37:55","modified_gmt":"2025-02-04T13:37:55","slug":"los-legen","status":"publish","type":"page","link":"https:\/\/synthesis-x.org\/home\/los-legen\/","title":{"rendered":"5. Los Legen!"},"content":{"rendered":"<div id=\"pl-816\"  class=\"panel-layout\" ><div id=\"pg-816-0\"  class=\"panel-grid panel-has-style\" ><div style=\"padding: 100px 0; \" data-overlay=\"true\" data-overlay-color=\"#000000\" class=\"panel-row-style panel-row-style-for-816-0\" ><div id=\"pgc-816-0-0\"  class=\"panel-grid-cell\" ><div id=\"panel-816-0-0-0\" class=\"so-panel widget widget_sow-editor panel-first-child panel-last-child\" data-index=\"0\" ><div style=\"text-align: left;\" data-title-color=\"#4a005b\" data-headings-color=\"#4a005b\" class=\"panel-widget-style panel-widget-style-for-816-0-0-0\" ><div\n\t\t\t\n\t\t\tclass=\"so-widget-sow-editor so-widget-sow-editor-base\"\n\t\t\t\n\t\t><h3 class=\"widget-title\">5. Los Legen!<\/h3>\n<div class=\"siteorigin-widget-tinymce textwidget\">\n\t<ul>\n<li>Wenn du als Teil dieser Bewegung wirken m\u00f6chtest, ist nichts weiter zu tun als die Akzeptanz dieser dezentralen Anwendung zu erh\u00f6hen.<\/li>\n<li>F\u00fcr Kooperationsanfragen oder zur Unterst\u00fctzung bei der Einrichtung kannst du jederzeit den <strong><a href=\"https:\/\/love-over-gold.org\/kontakt\/\"><span style=\"color: #3366ff;\">----Verein kontaktieren----<\/span><\/a><\/strong><\/li>\n<\/ul>\n<p>&nbsp;<\/p>\n<p style=\"text-align: center;\"><strong><span class=\"text_exposed_show\">Das ganze Potential dezentraler Kr\u00e4fte entfaltet sich ausschlie\u00dflich als Kollektiv <\/span><\/strong><\/p>\n<\/div>\n<\/div><\/div><\/div><\/div><\/div><\/div><div id=\"pg-816-1\"  class=\"panel-grid panel-has-style\" ><div style=\"padding: 100px 0; \" data-overlay=\"true\" data-overlay-color=\"#000000\" class=\"panel-row-style panel-row-style-for-816-1\" ><div id=\"pgc-816-1-0\"  class=\"panel-grid-cell\" ><div id=\"panel-816-1-0-0\" class=\"so-panel widget widget_sow-editor panel-first-child panel-last-child\" data-index=\"1\" ><div style=\"text-align: left;\" data-title-color=\"#443f3f\" data-headings-color=\"#443f3f\" class=\"panel-widget-style panel-widget-style-for-816-1-0-0\" ><div\n\t\t\t\n\t\t\tclass=\"so-widget-sow-editor so-widget-sow-editor-base\"\n\t\t\t\n\t\t>\n<div class=\"siteorigin-widget-tinymce textwidget\">\n\t<ul>\n<li>Es bietet sich an, das\u00a0 durch zentrale Macht gesteuerte Geld einzutauschen. Der Verein bindet einen Service ein, wo man dies kostenlos (nur zu den sehr geringen Marktplatzgeb\u00fchren der Handelsplattformen) tun kann: <span style=\"color: #3366ff;\"><a style=\"color: #3366ff;\" href=\"https:\/\/love-over-gold.org\/eintauschen\/\"><strong>----Hier Klicken----<\/strong><\/a><\/span><\/li>\n<\/ul>\n<p>&nbsp;<\/p>\n<ul>\n<li>Unabh\u00e4ngige Informationen erh\u00e4ltst du hier:<span style=\"color: #3366ff;\"> <a style=\"color: #3366ff;\" href=\"https:\/\/bitcoin.org\/de\/\"><strong>https:\/\/bitcoin.org\/de\/<\/strong><\/a><\/span><\/li>\n<\/ul>\n<\/div>\n<\/div><\/div><\/div><\/div><\/div><\/div><div id=\"pg-816-2\"  class=\"panel-grid panel-has-style\" ><div class=\"siteorigin-panels-stretch panel-row-style panel-row-style-for-816-2\" style=\"background-image: url(https:\/\/synthesis-x.org\/wp-content\/uploads\/2019\/03\/david-versus-goliath-1024x608-2.jpg);padding: 30px 0; \" data-stretch-type=\"full\" data-hasbg=\"hasbg\" data-overlay=\"true\" data-overlay-color=\"#ffffff\" ><div id=\"pgc-816-2-0\"  class=\"panel-grid-cell panel-grid-cell-mobile-last\" ><div id=\"panel-816-2-0-0\" class=\"so-panel widget widget_sydney_action sydney_action_widget panel-first-child panel-last-child\" data-index=\"2\" ><div style=\"text-align: left;\" data-title-color=\"#443f3f\" data-headings-color=\"#443f3f\" class=\"panel-widget-style panel-widget-style-for-816-2-0-0\" >        <div class=\"roll-promobox \">\r\n\t\t\t<div class=\"promo-wrap\">\r\n\t\t\t\t\t\t\t\t<div class=\"promo-controls\">\r\n\t\t\t\t\t<a href=\"https:\/\/synthesis-x.org\/der-traum\/\" class=\"roll-button border\">4. Der Traum<\/a>\r\n\t\t\t\t<\/div>\r\n\t\t\t<\/div>\r\n        <\/div>\r\n\t<\/div><\/div><\/div><div id=\"pgc-816-2-1\"  class=\"panel-grid-cell panel-grid-cell-empty\" ><\/div><\/div><\/div><\/div>","protected":false},"excerpt":{"rendered":"<p>Wenn du als Teil dieser Bewegung wirken m\u00f6chtest, ist nichts weiter zu tun als die Akzeptanz dieser dezentralen Anwendung zu erh\u00f6hen. F\u00fcr [&hellip;]<\/p>\n","protected":false},"author":1,"featured_media":0,"parent":0,"menu_order":0,"comment_status":"closed","ping_status":"closed","template":"page-templates\/page_front-page.php","meta":{"footnotes":""},"class_list":["post-816","page","type-page","status-publish","hentry"],"yoast_head":"<!-- This site is optimized with the Yoast SEO plugin v26.1.1 - https:\/\/yoast.com\/wordpress\/plugins\/seo\/ -->\n<title>5. Los Legen! - Synthesis-X<\/title>\n<meta name=\"description\" content=\"Tausche Fiat-Money ganz einfach per \u00dcberweisung um :)\" \/>\n<meta name=\"robots\" content=\"index, follow, max-snippet:-1, max-image-preview:large, max-video-preview:-1\" \/>\n<link rel=\"canonical\" href=\"https:\/\/synthesis-x.org\/home\/los-legen\/\" \/>\n<meta property=\"og:locale\" content=\"de_DE\" \/>\n<meta property=\"og:type\" content=\"article\" \/>\n<meta property=\"og:title\" content=\"5. Los Legen! - Synthesis-X\" \/>\n<meta property=\"og:description\" content=\"Tausche Fiat-Money ganz einfach per \u00dcberweisung um :)\" \/>\n<meta property=\"og:url\" content=\"https:\/\/synthesis-x.org\/home\/los-legen\/\" \/>\n<meta property=\"og:site_name\" content=\"Synthesis-X\" \/>\n<meta property=\"article:modified_time\" content=\"2025-02-04T13:37:55+00:00\" \/>\n<meta name=\"twitter:card\" content=\"summary_large_image\" \/>\n<meta name=\"twitter:label1\" content=\"Gesch\u00e4tzte Lesezeit\" \/>\n\t<meta name=\"twitter:data1\" content=\"1\u00a0Minute\" \/>\n<script type=\"application\/ld+json\" class=\"yoast-schema-graph\">{\"@context\":\"https:\/\/schema.org\",\"@graph\":[{\"@type\":\"WebPage\",\"@id\":\"https:\/\/synthesis-x.org\/home\/los-legen\/\",\"url\":\"https:\/\/synthesis-x.org\/home\/los-legen\/\",\"name\":\"5. Los Legen! - Synthesis-X\",\"isPartOf\":{\"@id\":\"https:\/\/synthesis-x.org\/home\/#website\"},\"datePublished\":\"2019-01-23T13:00:02+00:00\",\"dateModified\":\"2025-02-04T13:37:55+00:00\",\"description\":\"Tausche Fiat-Money ganz einfach per \u00dcberweisung um :)\",\"breadcrumb\":{\"@id\":\"https:\/\/synthesis-x.org\/home\/los-legen\/#breadcrumb\"},\"inLanguage\":\"de\",\"potentialAction\":[{\"@type\":\"ReadAction\",\"target\":[\"https:\/\/synthesis-x.org\/home\/los-legen\/\"]}]},{\"@type\":\"BreadcrumbList\",\"@id\":\"https:\/\/synthesis-x.org\/home\/los-legen\/#breadcrumb\",\"itemListElement\":[{\"@type\":\"ListItem\",\"position\":1,\"name\":\"Startseite\",\"item\":\"https:\/\/synthesis-x.org\/home\/\"},{\"@type\":\"ListItem\",\"position\":2,\"name\":\"5. Los Legen!\"}]},{\"@type\":\"WebSite\",\"@id\":\"https:\/\/synthesis-x.org\/home\/#website\",\"url\":\"https:\/\/synthesis-x.org\/home\/\",\"name\":\"Synthesis-X\",\"description\":\"Love over Gold\",\"potentialAction\":[{\"@type\":\"SearchAction\",\"target\":{\"@type\":\"EntryPoint\",\"urlTemplate\":\"https:\/\/synthesis-x.org\/home\/?s={search_term_string}\"},\"query-input\":{\"@type\":\"PropertyValueSpecification\",\"valueRequired\":true,\"valueName\":\"search_term_string\"}}],\"inLanguage\":\"de\"}]}<\/script>\n<!-- \/ Yoast SEO plugin. -->","yoast_head_json":{"title":"5. Los Legen! - Synthesis-X","description":"Tausche Fiat-Money ganz einfach per \u00dcberweisung um :)","robots":{"index":"index","follow":"follow","max-snippet":"max-snippet:-1","max-image-preview":"max-image-preview:large","max-video-preview":"max-video-preview:-1"},"canonical":"https:\/\/synthesis-x.org\/home\/los-legen\/","og_locale":"de_DE","og_type":"article","og_title":"5. Los Legen! - Synthesis-X","og_description":"Tausche Fiat-Money ganz einfach per \u00dcberweisung um :)","og_url":"https:\/\/synthesis-x.org\/home\/los-legen\/","og_site_name":"Synthesis-X","article_modified_time":"2025-02-04T13:37:55+00:00","twitter_card":"summary_large_image","twitter_misc":{"Gesch\u00e4tzte Lesezeit":"1\u00a0Minute"},"schema":{"@context":"https:\/\/schema.org","@graph":[{"@type":"WebPage","@id":"https:\/\/synthesis-x.org\/home\/los-legen\/","url":"https:\/\/synthesis-x.org\/home\/los-legen\/","name":"5. Los Legen! - Synthesis-X","isPartOf":{"@id":"https:\/\/synthesis-x.org\/home\/#website"},"datePublished":"2019-01-23T13:00:02+00:00","dateModified":"2025-02-04T13:37:55+00:00","description":"Tausche Fiat-Money ganz einfach per \u00dcberweisung um :)","breadcrumb":{"@id":"https:\/\/synthesis-x.org\/home\/los-legen\/#breadcrumb"},"inLanguage":"de","potentialAction":[{"@type":"ReadAction","target":["https:\/\/synthesis-x.org\/home\/los-legen\/"]}]},{"@type":"BreadcrumbList","@id":"https:\/\/synthesis-x.org\/home\/los-legen\/#breadcrumb","itemListElement":[{"@type":"ListItem","position":1,"name":"Startseite","item":"https:\/\/synthesis-x.org\/home\/"},{"@type":"ListItem","position":2,"name":"5. Los Legen!"}]},{"@type":"WebSite","@id":"https:\/\/synthesis-x.org\/home\/#website","url":"https:\/\/synthesis-x.org\/home\/","name":"Synthesis-X","description":"Love over Gold","potentialAction":[{"@type":"SearchAction","target":{"@type":"EntryPoint","urlTemplate":"https:\/\/synthesis-x.org\/home\/?s={search_term_string}"},"query-input":{"@type":"PropertyValueSpecification","valueRequired":true,"valueName":"search_term_string"}}],"inLanguage":"de"}]}},"_hostinger_reach_plugin_has_subscription_block":false,"_hostinger_reach_plugin_is_elementor":false,"_links":{"self":[{"href":"https:\/\/synthesis-x.org\/home\/wp-json\/wp\/v2\/pages\/816","targetHints":{"allow":["GET"]}}],"collection":[{"href":"https:\/\/synthesis-x.org\/home\/wp-json\/wp\/v2\/pages"}],"about":[{"href":"https:\/\/synthesis-x.org\/home\/wp-json\/wp\/v2\/types\/page"}],"author":[{"embeddable":true,"href":"https:\/\/synthesis-x.org\/home\/wp-json\/wp\/v2\/users\/1"}],"replies":[{"embeddable":true,"href":"https:\/\/synthesis-x.org\/home\/wp-json\/wp\/v2\/comments?post=816"}],"version-history":[{"count":201,"href":"https:\/\/synthesis-x.org\/home\/wp-json\/wp\/v2\/pages\/816\/revisions"}],"predecessor-version":[{"id":1813,"href":"https:\/\/synthesis-x.org\/home\/wp-json\/wp\/v2\/pages\/816\/revisions\/1813"}],"wp:attachment":[{"href":"https:\/\/synthesis-x.org\/home\/wp-json\/wp\/v2\/media?parent=816"}],"curies":[{"name":"wp","href":"https:\/\/api.w.org\/{rel}","templated":true}]}}